- l. What are the prime factors of k?
2, 89
Let s(w) = 729*w - 3652. List the prime factors of s(26).
2, 7, 1093
Suppose -4*v + 226 = -3*t + 4577, -4*t + 5776 = v. Let k = -800 + t. List the prime factors of k.
3, 5, 43
Suppose -878280 = -3196*o + 3131*o + 337545. List the prime factors of o.
3, 5, 29, 43
Let f = 13965 - -283. What are the prime factors of f?
2, 13, 137
Suppose -3*p = -4*a - 8, p + 24 = 5*p - 2*a. Let d be 2/2 - 544/p. Let q = -9 - d. List the prime factors of q.
2, 29
Suppose -53*q = 47*q - 90*q - 141330. What are the prime factors of q?
3, 7, 673
Suppose 3*i - 7*k - 32266 = 0, i - 14*k + 12*k - 10755 = 0. List the prime factors of i.
10753
Let s(z) = 2*z - 16. Let y be s(7). Let r(t) = 5*t + 9. Let v be r(y). What are the prime factors of 15 + 183 - (v + -1)?
2, 5
Let h be 1 + (-8)/(-20)*10. Let k be (h/(-3))/(35/(-252)). List the prime factors of (275/20 + -7)/(1/k).
3
Let h(n) = -6*n**3 + n**2 - n. Let b(m) = 87*m**3 + m**2 + 2*m - 1. Let x(c) = b(c) + 2*h(c). Let f = 6 + -5. List the prime factors of x(f).
7, 11
Suppose 13 = 12*b + 49. Let t(x) = 53*x**2 - 2*x + 3. What are the prime factors of t(b)?
2, 3
List the prime factors of (178839/4)/3 - 301/1204.
7, 2129
Suppose 0 = 4*o - 5*p - 201075, 3*o - 39*p - 150840 = -42*p. What are the prime factors of o?
5, 2011
Let r = 33167 + -18668. Let m = r - 10211. Suppose -17*x + x = -m. List the prime factors of x.
2, 67
Suppose 0 = -3*l + 4*i - 6, -i - 4*i = 5*l - 25. Suppose -l = -p + 5. Suppose p*v = v + 768. What are the prime factors of v?
2
Suppose -450999 = -83*l + 559609. What are the prime factors of l?
2, 761
Suppose 191*m + 193*m + 4*m = 5404064. List the prime factors of m.
2, 1741
Suppose -2*t = -3*d + 36398, -3*d + 3*t + 36735 = 333. What are the prime factors of d?
2, 5, 1213
Let l = -295 - -55. Let r be 2/(-11) - l/110. Suppose -5*k = 2*m - 44, 0 = 3*m - r*m + 3. List the prime factors of k.
2, 5
Suppose -2*h + 26 = -15*h. Let f(g) be the third derivative of -7*g**6/120 + g**3/6 + g**2. What are the prime factors of f(h)?
3, 19
Let m(a) be the third derivative of a**6/60 + a**4/6 + 16*a**3/3 - 63*a**2 - 2*a. What are the prime factors of m(7)?
2, 373
Let z be 14/56 - (-3215)/4. Suppose x - 3*u - 572 = 0, x + u - z + 236 = 0. List the prime factors of x.
569
Let v be 204/28 + 4/(-14). Suppose 0 = v*z - 12*z + 40. Suppose -z*f + 1275 = -533. List the prime factors of f.
2, 113
Let h = 625 + -625. What are the prime factors of -6 + (-9359)/(h - 7)?
11
Suppose -2*n - 206341 = -3*w, -2*w + 16*n + 137561 = 15*n. What are the prime factors of w?
3, 101, 227
Let h(y) = 55*y**2 + 28*y - 468. What are the prime factors of h(13)?
7, 13, 101
Let b(f) = -2*f + 1. Let m(g) = 4*g - 4. Let s(i) = -15*b(i) - 3*m(i). List the prime factors of s(7).
3, 41
Let m = -86226 - -122242. List the prime factors of m/64 - 9/12.
2, 281
Let x(l) = 10*l**2 - 4*l + 3. Let y(q) = -19*q**2 + 8*q - 6. Suppose 0 = -9*k + 15*k + 42. Let f(r) = k*x(r) - 4*y(r). What are the prime factors of f(-5)?
173
Suppose -2*o + 880 = 8*o. Let b = o + -87. List the prime factors of (-6 + (-25)/(-5))/(b/(-35)).
5, 7
Let j(z) be the second derivative of z**3/3 - 7*z**2 - 27*z. Let g be j(7). Suppose -5*r + 5*n + 130 = g, 3*r + 3*n - 68 = 4*n. List the prime factors of r.
3, 7
Let x(q) = -q**2 + 31*q + 46. Let h(s) = s**3 - 24*s**2 - 26*s - 27. Let m be h(25). Let j = m + 77. What are the prime factors of x(j)?
2, 7
Let u(t) be the third derivative of -2/3*t**3 + 0 - 1/120*t**6 + 0*t + 1/4*t**4 + 1/20*t**5 + t**2. List the prime factors of u(3).
2, 7
Let a(k) = -7*k**3 - 15*k**2 - 13*k - 56. Let g(h) = -6*h**3 - 14*h**2 - 14*h - 55. Let t(p) = -5*a(p) + 6*g(p). List the prime factors of t(-10).
2, 3, 5
Let k(p) be the second derivative of 11/6*p**3 - 35/2*p**2 - 4*p + 0. What are the prime factors of k(8)?
53
Suppose 14674 = 3*g + 5*j, -3*g - 229*j + 14672 = -225*j. What are the prime factors of g?
2, 13, 47
Suppose 11294 = 2*l + 5*u, 0 = -2*l - 160*u + 164*u + 11348. What are the prime factors of l?
2, 19, 149
Let x = -893 + 18. Let j = 1501 + x. List the prime factors of j.
2, 313
Suppose -9 = -l - 6. List the prime factors of (-1)/(l/(-2055))*(-3 - -4).
5, 137
Suppose -r + 2128 = 25*t - 21*t, -5*t = -r + 2146. Suppose -9*s + 3066 = -r. What are the prime factors of s?
2, 17
Let x(y) = 19*y + 1482. List the prime factors of x(-10).
2, 17, 19
Suppose 5*l - 5 + 10 = 0. Let o(v) = v - 2. Let a be o(l). Let r(b) = -4*b**3 - 2*b**2 + b - 2. What are the prime factors of r(a)?
5, 17
Suppose -2*n + 34928 = 4*p, 14582 = 4*p + 5*n - 20346. List the prime factors of p.
2, 37, 59
Let i = -3917 - -6168. What are the prime factors of i?
2251
Let v = 16963 + -2612. What are the prime factors of v?
113, 127
Let m = -93342 - -159820. List the prime factors of m.
2, 43, 773
Let q(g) = g - 1. Let r(s) = 3*s + 4. Let u = 82 - 83. Let b(t) = u*q(t) + r(t). List the prime factors of b(0).
5
Suppose -414*h + 648742 + 4700424 = -7334138. List the prime factors of h.
2, 3, 23, 37
Suppose -d + 9 = m, -5*m = d - 3*m - 11. Suppose 6*v = d*v - 28. What are the prime factors of v?
2, 7
What are the prime factors of 19483 + 113 + 2*1*(-55)/22?
11, 13, 137
Let b(m) = -31*m - 150. Let i be b(-5). Suppose -2*f - 3448 = -5*q, i*q - 734 - 2717 = -f. What are the prime factors of q?
2, 3, 5, 23
Let x = -73339 + 122924. List the prime factors of x.
5, 47, 211
Let r(h) = -51*h - 53. Let b be r(-8). Let p = 595 - b. What are the prime factors of p?
2, 3, 5
Let u(h) be the second derivative of h**4/12 + h**3 - 2*h**2 + 15*h. Let t be u(-6). List the prime factors of ((-657)/21)/(-1) - t/(-14).
31
Suppose 3*i + 2*g - 2402 = 0, 2*i - 2094 = -5*g - 500. List the prime factors of i.
2, 401
Let p(g) = -2*g**3 - 2*g**2 + 5*g + 4. Let r be 1 + (-4)/(-2)*105/(-42). What are the prime factors of p(r)?
2, 5
Let q be (-2)/(-4) + (-94)/(-4). Let d = q + -11. Suppose 7 = i - d. What are the prime factors of i?
2, 5
Let t be (-24)/32*(-2 + -1 + -1). Suppose -v - 20 = t*v + 3*m, -v = -4*m + 24. List the prime factors of -177*(-2 - 20/v)*-2.
3, 59
Let u = 63 + -28. Let b = u - 60. List the prime factors of 2*b*(-16)/8.
2, 5
Suppose 5*c = -8*c + 208. Let w be (-3)/6 + 2/(c/700). Suppose -i + 92 = -w. What are the prime factors of i?
179
Suppose 0 = 52*x - 55*x + d + 52651, -5*x - 4*d = -87763. What are the prime factors of x?
17551
Let l(x) = -x. Let z(p) = -p**2 + p - 26. Let f(o) = -6*l(o) - z(o). Suppose 8*g - 11*g - 36 = 0. What are the prime factors of f(g)?
2, 5, 11
Let g(y) = 2*y - 12. Let k = 55 + -50. Let n be g(k). What are the prime factors of (176/(-6) - n)/(14/(-63))?
3, 41
Let y(k) = 4*k**3 - 2*k**2 + k + 2. Let q be y(1). Suppose -q*p - 271 = i - 1183, -p = 4*i - 190. What are the prime factors of p?
2, 7, 13
Let d(y) = -y**3 + 7*y**2 - 5*y - 4. Let b be d(6). Suppose i - 45 = 2*k, -k + b*i - i - 20 = 0. What are the prime factors of ((-47)/5)/(5/k)?
47
Let s be 2/1*8/(-8). List the prime factors of (s - -3) + 222 + 5.
2, 3, 19
Suppose -4355 = -q - 6*h, 0 = -q - 5*h + 735 + 3625. List the prime factors of q.
5, 877
Let q = 31732 + 5833. List the prime factors of q.
5, 11, 683
Suppose 0 = -107*q + 116*q - 198. Suppose q*m - 5*m = 14722. What are the prime factors of m?
2, 433
Let b(n) = -2*n**3 + 23*n**2 - 9*n - 51. Let u be b(15). Let r = 2593 + u. What are the prime factors of r?
2, 13
Suppose -7*k = -3*k - 8. Let z(v) = 7*v**k + 35 + 22*v - 5*v**2 - 3*v**2. List the prime factors of z(13).
2, 19
Suppose 0 = 2*b + 30 - 70. Suppose 0 = 19*u - b*u + 356. What are the prime factors of u?
2, 89
Let y = 350 + -351. Let h(o) be the first derivative of -53*o**4/2 - o**3 - 2*o**2 - 2*o - 4. What are the prime factors of h(y)?
3, 5, 7
Suppose -n - 2*k = -2*k - 5*k - 8493, 0 = 13*k. What are the prime factors of n?
3, 19, 149
Let p = -7928 - -8467. Let u = -3 + 4. What are the prime factors of (p/3 - u) + 32/96?
179
List the prime factors of (-8 - 20/(-4)) + 1907.
2, 7, 17
Let u = 102 - 99. Suppose -2*q = -4*o - 18, -o + 0 - u = 0. Let v(y) = 6*y**3 - y**2 - 4*y - 7. What are the prime factors of v(q)?
2, 67
Let u be 39/1*((-39)/(-9) + -4). Suppose u*t - 2185 - 1936 = 0. List the prime factors of t.
317
Suppose -8*h + 326 = -9*h. Let o = h - -25. Let q = o - -